18. Suppose 3*d = 1 + 8. Let a(s) = 1 + 2*s**3 + s**3 - r*s - 4*s**3 + d*s + 5*s**2. What is a(4)?
9
Let o = 24 + -23. Let v(l) = -l**3 + l**2. Calculate v(o).
0
Let d(w) = -4 - 5*w**3 + 3 - w + 4*w**3 + w**2. Let i = 92 - 90. Determine d(i).
-7
Let o(r) = -7*r. Suppose -3 + 8 = 5*p. Suppose -5*n - p = -6. Calculate o(n).
-7
Let k(m) = 2*m. Let z = -9 + 16. Let n = z + -4. What is k(n)?
6
Let p(d) be the second derivative of -d**5/20 - d**4/2 + d**3/6 - 3*d**2/2 - d. Calculate p(-6).
-9
Let a(z) be the third derivative of z**5/60 - 5*z**4/24 + 5*z**3/6 + 15*z**2 + 2*z. Give a(7).
19
Let y be (-3)/2*1*2. Suppose 4*n + 2*z + 13 = -11, 5*z = 2*n - 12. Let d(v) = 3*v + 5. Let f(o) = -o - 1. Let x(p) = n*f(p) - d(p). Give x(y).
-4
Let o(n) = 14*n + 1. Suppose -2 = 4*t + 2. What is o(t)?
-13
Let n = -64 + 38. Let h be 2/5 + n/(-10). Let c(v) be the second derivative of v**4/12 - 5*v**3/6 + 2*v**2 + 2*v. Calculate c(h).
-2
Let b(m) = m - 4. Let h be b(12). Suppose 7*c - 5*c - h = 0. Let d(z) = -5*z**2 - 2*z - 1. Let a(w) = 4*w**2 + w. Let r(j) = -4*a(j) - 3*d(j). Give r(c).
-5
Let v(r) = -7*r**3 - 9*r**2 + 15*r + 3. Let o(u) = -3*u**3 - 4*u**2 + 7*u + 2. Suppose 7*a - 28 - 7 = 0. Let f(s) = a*o(s) - 2*v(s). Calculate f(-3).
-2
Suppose 0 = -4*k + 2*f - 6, k + 4*f = -k + 12. Let w(j) = j + 7. What is w(k)?
7
Suppose 4*g = 7*g - 15. Let c(o) = o**2 - 4*o**2 + 2*o**2 + 6*o - 1. Calculate c(g).
4
Let x(h) be the first derivative of -h**2 - 2*h + 12. Calculate x(4).
-10
Let a be -3*(0 - 1) + -9. Let b be 6/(-4)*a/3. Suppose 4*y - 10 = 3*x, 2*x - 6*y = -b*y - 6. Let i(d) = -d - 3. What is i(x)?
3
Let u = -14 - -8. Let q = u - -1. Let x(m) = 2*m + 2. Determine x(q).
-8
Let n = -20 - -19. Let z(h) be the second derivative of -3*h**5/10 - h**4/12 - h**3/3 - h**2/2 + h. Determine z(n).
6
Let l = -12 - -17. Let w(k) = 3*k - 2. Let f(x) = 4*x - 3 - 2*x + 5*x. Let o(m) = l*w(m) - 2*f(m). Determine o(5).
1
Let k(x) = 2 - x**2 + 15*x - 13 - 6. Let j be k(14). Let y(s) = -s**2 + 2. Determine y(j).
-7
Let d(y) = 25 - 11*y**2 - 11 - 14. Determine d(1).
-11
Let s(f) = -5*f**3 + f**2 + 7*f + 4. Let k(x) = -4*x**3 + 6*x + 4. Let a(t) = 6*k(t) - 5*s(t). Determine a(5).
9
Let h(y) = -y + 22*y**2 + y**3 - 5 + 1 - 25*y**2. Let g(m) = -m + 16. Let b be g(12). Determine h(b).
8
Let g(t) = 3 + t**2 + 10*t - 3*t + 3 - 3*t. Let z be (-4)/14 - 405/(-21). Let s be (-2)/10 + z/(-5). Give g(s).
6
Let u(s) = s**3 + s**2 + s. Let a(r) = -3*r**3 - 7*r**2 - 1. Let t(n) = a(n) + 2*u(n). Give t(-5).
-11
Let q(z) = z**3 + 7*z**2 + 4*z - 7. Let f(n) = -n**3 - 3*n**2 - n - 1. Let g be f(-3). Suppose -g*v = -0*v - r + 7, 5*r = -25. Give q(v).
5
Let j(q) = 2 - 3*q**3 - 3*q**3 + 5*q**3 - 3 - 2*q. Suppose 0 = 3*x - 2*z - 10, -2*x - 9*z + 13 = -4*z. Suppose -x + 0 = 4*u. Give j(u).
2
Let m(a) be the first derivative of -a**2 - 6*a - 163. Let o(r) = r**2 - 2 + r - 2 + 3 - 7*r**3. Let l be o(1). Determine m(l).
6
Let a(v) be the second derivative of v**3/6 - 7*v**2/2 - 2*v. Calculate a(6).
-1
Let w(x) = 2*x - 4 - 4*x - 6*x + x**2. Let n be w(8). Let b(j) = 10*j**2 + 11*j + 6. Let m(c) = -7*c**2 - 7*c - 4. Let i(t) = -5*b(t) - 7*m(t). Give i(n).
6
Let l(k) = -k**2 - 2*k - 3. Let x(q) = q. Let c(s) = -l(s) + 3*x(s). Let b be c(-4). Let y(v) be the first derivative of -3*v**2 + v - 4. Determine y(b).
7
Let a = 119 + -125. Let u(i) = i**3 + 12*i**2 - 15*i - 11. Let h(l) = l**3 + 11*l**2 - 14*l - 10. Let x(f) = 7*h(f) - 6*u(f). What is x(a)?
8
Suppose -9*p + 47 = -7. Let x(a) = a**2 - 3*a - 7. What is x(p)?
11
Let d(i) = i + 1. Suppose 0 = 3*q - r + 4, -3*r = -q - 8*r + 4. Let z be d(q). Suppose -x + z + 3 = 0. Let l(g) = g**3 - 3*g**2 + 2*g - 1. What is l(x)?
5
Let z(d) be the first derivative of d**4/4 + d**3 + 3*d**2/2 - 7. Calculate z(-3).
-9
Let x(m) = -m**2 - 10*m - 9. Let s(w) = 2*w**2 + 21*w + 19. Let z(q) = -q - 1. Let n be z(-8). Let p(d) = n*x(d) + 3*s(d). Let b = 5 + -10. Calculate p(b).
4
Suppose 0*v + 2*x + 88 = 3*v, -5*v - 2*x = -152. Suppose -4*i + v = i. Let c(f) = -f**2 + 6*f - 1. Determine c(i).
-1
Let j(w) = w**3 + 6*w**2 + 3. Let s be j(-6). Suppose -3*p = -3*c + 21, -6*c + 3*c + p + 11 = 0. Let a(m) = 2*m - s*m**2 + 2*m**c + 4 + 3*m. Calculate a(5).
4
Let l(z) = 0*z**3 - 13*z**2 + 15*z**2 - z**3 - 3*z. Determine l(3).
-18
Let c(m) = 24 - 9 - m**3 - 6 + 2*m - 4 + 4*m**2. Determine c(5).
-10
Let i(h) = 3*h**2 + 12*h**2 + h**2. Give i(1).
16
Suppose 5*w = 3*d + 35, -2*d = -3*w + 2*d + 21. Let m(c) = -c + 9. Give m(w).
2
Let m(f) = -5*f**3 + 1. Suppose -4*i - 21 - 15 = 0. Let x = -8 - i. Determine m(x).
-4
Let r(f) = f - 6. Let c be r(6). Suppose 4*l = v - 11, c = 5*l - 3*v + 5. Let w(y) = 9 - 12*y + 4*y + 7*y + 2*y. What is w(l)?
5
Suppose -2*y = 3*y - 25. Let z(l) be the third derivative of l**5/60 - 5*l**4/24 - 5*l**3/6 + 6*l**2. What is z(y)?
-5
Let v(w) = 5*w - w - 2 - 3*w. Let y be v(2). Let h(x) = 2*x + 0 - x + y. What is h(-3)?
-3
Suppose 0 = z + t + 1, 0 = 3*z - 5*z + t - 17. Let k(x) = -7*x - 9. Let n(q) = q + 1. Let u(f) = z*n(f) - k(f). Determine u(-3).
0
Suppose -2*k + 0*k + 8 = 0. Let j(i) = k + 0 + 0 + i. Let z be -1 + (2 - (3 - -4)). What is j(z)?
-2
Let n = -11 + 6. Let x = -5 - n. Let j(u) = -u**3 - u**2 - u + 6. Calculate j(x).
6
Let b(r) be the third derivative of -r**8/10080 + r**7/1680 + r**6/240 - r**5/30 + 3*r**2. Let c(w) be the third derivative of b(w). What is c(3)?
-6
Suppose 4*i = -3*d + 2*i + 11, -2*i - 38 = -4*d. Let h be d/3 + (-6)/(-9). Suppose -h*z - 4 + 12 = r, 5*z - 8 = r. Let b(c) = c. Give b(r).
2
Let a(m) = -m - 5. Let p(w) = -w - 1. Suppose -b = -5*b + 2*r + 12, b = -3*r - 11. Let t(x) = b*a(x) - 2*p(x). Determine t(-4).
-7
Let y(i) = -2 + 1 + 10*i + 6*i - 14*i. Give y(-6).
-13
Let l(p) be the third derivative of -p**6/120 - p**5/10 + 5*p**4/24 + p**3/6 + 16*p**2 - 2*p. What is l(-6)?
-29
Let c be (-9)/(-12)*10*2. Let s = c + -4. Suppose 0 = -3*f + 1 + s. Let o(g) = g - 3. What is o(f)?
1
Let p(u) be the second derivative of u**4/12 + 9*u**2/2 + 11*u. Determine p(0).
9
Let p be 3/(18/(-30)) + 1. Let t(w) = w**2 + 2*w - 4. What is t(p)?
4
Suppose 0 = 2*h - 5*j - 16, 3*j + 0 = 4*h - 18. Let p(o) = -o**2 + 14*o - 3. Let s(q) = 2*q**2 - 29*q + 6. Let b(u) = 13*p(u) + 6*s(u). Determine b(h).
12
Let m(n) = -2*n - 2 - 3 + 0. What is m(-7)?
9
Let o(k) = -k**2 - 6*k - 3. Let u(h) = h**3 + 6*h**2 - 4*h. Let z be u(-6). Suppose r = 1, -4*r = 5*i - 0*r - z. Suppose s = -0*s - i. What is o(s)?
5
Let t be 10/4 - (-1)/2. Suppose -z - t = 2*h, 5*h - 2*h + 4*z + 12 = 0. Let c(v) = -v - 2. What is c(h)?
-2
Let r(t) = 3*t - 2. Let v be (-6)/(-4) + 104/(-16). Let m = v + 3. Give r(m).
-8
Suppose 2*s + 15 = 5*s. Let i(x) = x**3 - 6*x**2 + 3*x - 4. What is i(s)?
-14
Let g(p) = p**3 + 5*p**2 - p - 5. Let l be g(-5). Suppose l = 2*c - 4*j + 22, 5*j - 10 - 15 = 2*c. Let t(m) = -m + 2. Determine t(c).
7
Suppose h - 5*z = -4*h + 65, -4*h - 2*z + 34 = 0. Let p(o) = -o + 11. Let r be p(h). Let s(q) = r - 4*q - 1 + 2*q - 8*q**2 - 1. Determine s(-1).
-7
Let c(j) = -2*j + 9. Suppose 8*k - 12*k = -24. Give c(k).
-3
Let h(v) = -3*v - 1. Let z = -25 - -27. Calculate h(z).
-7
Let g = -44 - -48. Let t(s) be the second derivative of -s**3/6 + 7*s**2/2 - s. What is t(g)?
3
Let h(m) = -3*m**2 + 3*m + 10. Let i(x) = -7*x**2 + 7*x + 20. Let l(g) = 9*h(g) - 4*i(g). Determine l(0).
10
Let z be 6/(-4*12/(-32)). Let v(r) = r + 1. What is v(z)?
5
Let o(c) = c. Let j(f) = f - 5. Let z be j(7). Give o(z).
2
Let a(o) = o + 1. Let i be (3 + 2)/(4/4). Calculate a(i).
6
Let h(n) = -1 - 5526*n + 5531*n - 3. Determine h(3).
11
Let n(t) be the first derivative of t**2 + 5*t + 10. Calculate n(5).
15
Let z(p) = -p**2 + 7*p - 5. Let r(w) = w**2 - 7*w + 5. Let l(u) = 2*r(u) + 3*z(u). Determine l(5).
5
Suppose 4*x - 3*h - 20 = h, -5*x + 13 = -2*h. Let m(b) be the first derivative of x + 1/2*b**2 + 6*b. Determine m(-5).
1
Let b(a) = -3*a + 5. Let x = 49 + -45. What is b(x)?
-7
Let h(i) = -i - 3. Let f(c) = -c**2 + 6*c + 1. Let q be f(5). Calculate h(q).
-9
Let j(z) = -5. Let s(k) be the first derivative of -k**2/2 - 4*k + 1. Let i(g) = 5*j(g) - 6*s(g). Calculate i(-1).
-7
Let j(w) be the first derivative of -1 - 1/2*w**2 + 0*w. Suppose -3*y + 18 = 3. Determine j(y).
-5
Let l(k) be the second derivative o